) to base 9.
5370
Convert 1201102110 (base 3) to base 2.
1000010000110011
-207 (base 16) to base 6
-2223
What is 5928 (base 11) in base 2?
1111001011110
10220323 (base 4) to base 8
45073
What is 3314 (base 6) in base 13?
46c
110010101110 (base 2) to base 14
127c
Convert -737 (base 9) to base 4.
-21121
Convert -1a099 (base 13) to base 8.
-142741
Convert -11111110011 (base 2) to base 12.
-1217
What is -e7 (base 15) in base 11?
-188
What is -7058 (base 16) in base 14?
-a6a4
What is 382 (base 13) in base 4?
21211
Convert 120440 (base 6) to base 12.
6120
Convert 1661 (base 16) to base 15.
1a6e
What is 110111011110110 (base 2) in base 15?
863b
-3371 (base 16) to base 13
-5cc0
Convert -1100000101011 (base 2) to base 13.
-2a7c
5220 (base 14) to base 11
a695
What is 7718 (base 9) in base 12?
335b
-577 (base 11) to base 13
-410
What is -5763 (base 9) in base 6?
-31433
Convert -3baa (base 14) to base 9.
-15408
What is -33120 (base 4) in base 7?
-2604
Convert 2412 (base 5) to base 9.
436
Convert 4577 (base 11) to base 5.
143023
965 (base 11) to base 14
5cc
-7677 (base 8) to base 9
-5468
Convert 1401300 (base 5) to base 2.
110111010100101
What is 3013 (base 9) in base 3?
10000110
-a79 (base 12) to base 14
-7b7
What is 7 (base 8) in base 11?
7
Convert 111111010 (base 2) to base 9.
622
What is 2571 (base 11) in base 7?
12516
Convert -162 (base 12) to base 15.
-e8
Convert -1610 (base 16) to base 11.
-4275
580 (base 14) to base 7
3120
Convert -2b (base 12) to base 6.
-55
-19c3 (base 15) to base 6
-41503
Convert -223101 (base 4) to base 12.
-1729
Convert -47642 (base 10) to base 2.
-1011101000011010
What is 14525 (base 7) in base 6?
30405
What is -5734 (base 10) in base 8?
-13146
Convert -31465 (base 9) to base 3.
-1001112012
-1641 (base 8) to base 6
-4145
-3a05 (base 16) to base 9
-22333
What is 101e0 (base 15) in base 13?
1a319
-d15 (base 15) to base 5
-43240
What is -2725 (base 14) in base 12?
-3ba5
1224a (base 11) to base 10
17599
What is 56361 (base 7) in base 15?
4353
-1153 (base 6) to base 12
-1b9
Convert -13332 (base 6) to base 3.
-2211202
c80 (base 13) to base 5
32012
Convert b718 (base 12) to base 3.
1000111002
35 (base 9) to base 7
44
Convert -32a5 (base 11) to base 2.
-1000011111110
Convert -1130c (base 14) to base 5.
-2314020
-1254 (base 6) to base 12
-22a
Convert 6a8 (base 13) to base 14.
5c4
What is 111020 (base 3) in base 7?
1020
Convert 10c (base 14) to base 7.
415
What is 112110201 (base 3) in base 6?
120501
What is 2be (base 15) in base 7?
1556
What is 181d (base 15) in base 16?
1453
-815 (base 11) to base 16
-3d8
Convert -16936 (base 12) to base 7.
-163404
Convert -1203541 (base 6) to base 16.
-f655
Convert 10 (base 5) to base 2.
101
What is -2b28 (base 12) in base 9?
-6855
What is b29 (base 15) in base 16?
9d2
Convert 101001101 (base 2) to base 12.
239
Convert -cd (base 15) to base 13.
-11b
dad (base 14) to base 12
1691
Convert -224325 (base 7) to base 13.
-15255
What is 2a52b (base 12) in base 6?
1135255
What is -1210 (base 10) in base 8?
-2272
-20483 (base 9) to base 15
-4016
Convert 9782 (base 12) to base 11.
11574
-4cc (base 13) to base 16
-34c
62904 (base 10) to base 16
f5b8
What is 2202020 (base 4) in base 6?
120012
Convert 145 (base 11) to base 16.
aa
What is 4d86 (base 16) in base 8?
46606
Convert -325 (base 12) to base 9.
-562
What is -a2b8 (base 13) in base 11?
-15968
Convert 6919 (base 10) to base 2.
1101100000111
Convert -34010 (base 5) to base 3.
-10021011
Convert -231312 (base 4) to base 8.
-5566
-1151 (base 8) to base 14
-321
5869 (base 10) to base 9
8041
What is -466 (base 7) in base 12?
-184
What is -1269 (base 10) in base 4?
-103311
-11111 (base 5) to base 4
-30031
What is -2202112 (base 3) in base 11?
-156a
Convert -153252 (base 6) to base 7.
-61520
What is -baa (base 12) in base 14?
-8a6
-14447 (base 8) to base 9
-8744
214 (base 6) to base 8
122
Convert -2796 (base 12) to base 6.
-33110
-10011111011001 (base 2) to base 10
-10201
121013 (base 4) to base 2
11001000111
Convert 2101210 (base 3) to base 2.
11011010101
Convert -384 (base 14) to base 2.
-1011000000
Convert -12033 (base 4) to base 14.
-207
What is -12103321 (base 4) in base 2?
-110010011111001
-14126 (base 10) to base 6
-145222
-500 (base 9) to base 11
-339
Convert -634 (base 7) to base 8.
-477
Convert -a82 (base 13) to base 6.
-12152
3651 (base 7) to base 8
2517
What is 1614 (base 13) in base 15?
e53
Convert 204203 (base 5) to base 10.
6803
What is 13166 (base 7) in base 13?
17b4
23212 (base 4) to base 13
451
What is 5245 (base 10) in base 11?
3a39
Convert -3c8 (base 13) to base 14.
-35d
Convert 1111111011010011 (base 2) to base 13.
23901
-13112333 (base 4) to base 9
-45312
22213233 (base 4) to base 3
2012200020
Convert -3b7d (base 15) to base 5.
-401333
-21012201 (base 3) to base 6
-40201
Convert -10010201 (base 4) to base 10.
-16673
171 (base 15) to base 8
513
-2c36 (base 13) to base 5
-201332
What is 15230 (base 6) in base 15?
ae6
-6601 (base 8) to base 3
-11202001
Convert -3021 (base 7) to base 6.
-4500
1221021 (base 3) to base 13
847
1100010000010001 (base 2) to base 6
1024213
What is -22 (base 10) in base 7?
-31
7247 (base 14) to base 8
46317
What is -7315 (base 10) in base 13?
-3439
Convert 214155 (base 6) to base 5.
1032113
1104 (base 5) to base 16
9a
Convert 212 (base 5) to base 14.
41
Convert 3621 (base 8) to base 7.
5435
What is -995 (base 11) in base 3?
-1122012
Convert 200012100 (base 3) to base 4.
3033102
-402310 (base 6) to base 8
-75642
What is 1011101001011100 (base 2) in base 6?
1004512
403 (base 5) to base 13
7c
-10210 (base 4) to base 15
-147
-377 (base 13) to base 3
-211102
Convert -451 (base 10) to base 6.
-2031
Convert 3564 (base 9) to base 12.
164a
Convert 24a0 (base 11) to base 15.
e71
What is -540 (base 7) in base 9?
-333
Convert -1011000 (base 2) to base 8.
-130
What is -122143 (base 5) in base 12?
-2855
Convert -4a1 (base 11) to base 12.
-417
-1d06 (base 16) to base 3
-101012012
101101001001101 (base 2) to base 7
124253
What is -c1 (base 13) in base 15?
-a7
What is -3443 (base 5) in base 11?
-413
6727 (base 15) to base 7
120511
-dd9 (base 14) to base 3
-10202110
Convert -7ba (base 15) to base 10.
-1750
What is -527 (base 14) in base 15?
-47a
Convert 1a20b (base 12) to base 16.
95ab
What is -1110222 (base 6) in base 8?
-155006
946 (base 16) to base 3
10020221
Convert -564 (base 8) to base 3.
-111210
What is -10221 (base 5) in base 13?
-40a
Convert -1486 (base 9) to base 8.
-2153
34625 (base 8) to base 12
8645
11001101 (base 2) to base 10
205
-10693 (base 12) to base 13
-9b61
What is 2111112100 (base 3) in base 6?
1015530
What is 41 (base 11) in base 4?
231
-1553a (base 12) to base 9
-45311
Convert -1814 (base 10) to base 2.
-11100010110
a037 (base 14) to base 5
1334424
What is -22256 (base 7) in base 12?
-330b
Convert b76 (base 12) to base 15.
769
Convert -10101 (base 5) to base 9.
-803
Convert -3243 (base 7) to base 16.
-486
Convert 1021111 (base 3) to base 5.
12211
What is -1000000001011011 (base 2) in base 12?
-17023
10011001101001 (base 2) to base 4
2121221
-2e2d (base 16) to base 8
-27055
aa6 (base 11) to base 4
110232
-32333 (base 4) to base 8
-1677
What is -1383 (base 9) in base 7?
-3024
What is 112031 (base 4) in base 9?
1848
Convert 4015 (base 8) to base 9.
2740
1a48 (base 11) to base 10
2593
49a (base 13) to base 9
1082
Convert -1a88 (base 13) to base 8.
-7637
Convert 1233 (base 9) to base 6.
4133
-1aa6 (base 11) to base 14
-d7b
Convert -204 (base 12) to base 16.
-124
-14712 (base 8) to base 15
-1e52
51776 (base 9) to base 11
23744
1110011010 (base 2) to base 10
922
Convert 1021011210 (base 3) to base 16.
6153
a55 (base 11) to base 5
20040
231652 (base 7) to base 9
62821
3402 (base 5) to base 13
2a9
-3847 (base 9) to base 8
-5476
Convert -66 (base 14) to base 13.
-6c
1100010101 (base 2) to base 7
2205
-3ab6 (base 14) to base 16
-2870
What is 18997 (base 14) in base 13?
22458
Convert d0c5 (base 16) to base 13.
1b432
What is -940 (base 10) in base 12?
-664
Convert 111100100101011 (base 2) to base 10.
31019
What is 1043034 (base 5) in base 15?
5749
Convert 131222 (base 4) to base 3.
2121022
-1345 (base 12) to base 13
-1013
Convert 2546 (base 7) to base 4.
33011
-103053 (base 7) to base 3
-220112000
ab (base 13) to base 12
